-158 (base 15) to base 11.
-260
-1233 (base 8) to base 12
-477
Convert -288 (base 10) to base 2.
-100100000
Convert -111010000 (base 2) to base 4.
-13100
50674 (base 10) to base 14
14678
What is -1111021 (base 3) in base 7?
-3112
What is -3210 (base 4) in base 6?
-1020
What is 1225 (base 7) in base 3?
122001
What is -421 (base 7) in base 3?
-21211
What is -17302 (base 8) in base 16?
-1ec2
32 (base 4) to base 5
24
Convert -28884 (base 10) to base 9.
-43553
What is 21020 (base 3) in base 4?
3003
Convert 256 (base 14) to base 9.
570
-775 (base 9) to base 4
-21323
-21045 (base 7) to base 5
-131203
What is 46666 (base 9) in base 14?
b500
What is -1000001110000000 (base 2) in base 15?
-9e94
5678 (base 10) to base 15
1a38
-11111000100000 (base 2) to base 3
-210211001
-3200022 (base 4) to base 2
-11100000001010
Convert -332 (base 12) to base 16.
-1d6
1a87 (base 13) to base 2
111110011110
1270 (base 10) to base 15
59a
31a (base 11) to base 3
112020
d046 (base 15) to base 7
242052
What is 32333 (base 4) in base 2?
1110111111
Convert -324 (base 5) to base 16.
-59
Convert -737 (base 8) to base 13.
-2ab
What is 10100112001 (base 3) in base 6?
1225301
Convert 2df4 (base 16) to base 9.
17121
Convert 5475 (base 12) to base 9.
13678
-3332 (base 4) to base 3
-100102
Convert -1544 (base 6) to base 8.
-650
What is -110010111001 (base 2) in base 13?
-1637
What is 3223312 (base 4) in base 11?
10382
What is -2770 (base 9) in base 6?
-13400
-34346 (base 7) to base 3
-110000022
Convert 30616 (base 11) to base 14.
123c6
What is 4117 (base 9) in base 8?
5705
What is -191 (base 10) in base 3?
-21002
What is 20111120 (base 3) in base 5?
122430
Convert 34453 (base 7) to base 11.
6689
What is 2e0 (base 16) in base 4?
23200
-30230123 (base 4) to base 16
-cb1b
Convert 165052 (base 7) to base 5.
2023330
Convert 4a4 (base 13) to base 6.
3430
What is 2033 (base 5) in base 16?
10c
-1a0d (base 14) to base 11
-35a9
Convert -105 (base 10) to base 13.
-81
-930 (base 13) to base 2
-11000011000
2347 (base 9) to base 15
7b4
What is -1871 (base 12) in base 9?
-4054
What is -1053 (base 6) in base 12?
-189
1102 (base 9) to base 11
679
What is 1210 (base 8) in base 11?
53a
Convert -3153 (base 11) to base 13.
-1b8c
201 (base 8) to base 7
243
Convert -91 (base 16) to base 6.
-401
Convert -505 (base 10) to base 15.
-23a
Convert -1c50 (base 14) to base 8.
-12056
What is -101110010 (base 2) in base 7?
-1036
What is -48 (base 9) in base 4?
-230
Convert 1965 (base 10) to base 16.
7ad
253 (base 9) to base 4
3102
Convert 406 (base 12) to base 6.
2410
What is 16da7 (base 14) in base 7?
326600
What is 2686 (base 9) in base 2?
11111100110
15635 (base 7) to base 16
1154
What is e5cc (base 16) in base 2?
1110010111001100
Convert -460 (base 10) to base 15.
-20a
Convert -2397 (base 11) to base 16.
-c3b
What is 4202223 (base 5) in base 3?
10111201220
2a07 (base 15) to base 16
232f
Convert -1010111100100 (base 2) to base 9.
-7616
1784 (base 10) to base 11
1382
Convert -8d1 (base 14) to base 7.
-5051
-1731 (base 11) to base 6
-14124
What is -2c8 (base 15) in base 4?
-21332
Convert 1183 (base 12) to base 6.
13043
-3b4a (base 12) to base 3
-100100211
What is -1756 (base 14) in base 9?
-5667
Convert 103322 (base 5) to base 6.
24335
Convert 31022 (base 6) to base 10.
4118
Convert 1a47 (base 12) to base 4.
302113
-505 (base 9) to base 8
-632
Convert 36a (base 13) to base 3.
211001
-1699 (base 14) to base 12
-241b
Convert 3371 (base 8) to base 12.
1049
What is -1254 (base 6) in base 14?
-190
-5703 (base 8) to base 16
-bc3
2101000 (base 3) to base 7
5016
Convert 42906 (base 10) to base 16.
a79a
-1200010 (base 4) to base 15
-1c4d
Convert -1002221221 (base 3) to base 10.
-21841
Convert b702 (base 12) to base 16.
4e32
Convert -3310442 (base 5) to base 4.
-31322211
What is 100110110000 (base 2) in base 9?
3355
What is -2990 (base 11) in base 15?
-121a
What is -160b3 (base 12) in base 6?
-400343
Convert 32312 (base 5) to base 3.
10000202
Convert 211211000 (base 3) to base 5.
1013012
Convert -296 (base 13) to base 8.
-715
611 (base 15) to base 5
20431
-10212 (base 4) to base 14
-170
What is 1000002 (base 3) in base 15?
33b
-1401021 (base 5) to base 11
-1a262
What is -2647 (base 9) in base 16?
-7c3
-22011000 (base 3) to base 4
-1130310
4220 (base 14) to base 6
124432
10001110110 (base 2) to base 12
7b2
Convert -20042 (base 6) to base 10.
-2618
What is -26 (base 13) in base 10?
-32
-21033 (base 4) to base 16
-24f
What is 251 (base 16) in base 11?
49a
Convert 112122 (base 3) to base 7.
1103
-d853 (base 16) to base 6
-1104215
What is 954 (base 13) in base 4?
120312
Convert 371 (base 9) to base 16.
133
What is -5a0 (base 14) in base 10?
-1120
Convert -4458 (base 11) to base 3.
-22001110
11022002 (base 3) to base 4
300332
Convert 1411430 (base 5) to base 13.
10270
1101110 (base 2) to base 7
215
2b29 (base 13) to base 12
3780
What is -5040 (base 8) in base 12?
-1600
32231311 (base 4) to base 5
3412102
Convert 1211 (base 9) to base 5.
12101
Convert -8766 (base 15) to base 3.
-1110022220
Convert -b0 (base 13) to base 12.
-bb
-266 (base 11) to base 10
-314
-61c (base 16) to base 14
-7da
What is -9480 (base 11) in base 8?
-30407
What is -1444 (base 5) in base 7?
-504
What is -451 (base 8) in base 3?
-102000
What is -cba (base 15) in base 10?
-2875
c98 (base 14) to base 4
212312
349 (base 13) to base 3
210001
Convert 3672 (base 9) to base 4.
222302
What is 156052 (base 7) in base 8?
74273
What is -11021221 (base 3) in base 2?
-110000111010
Convert -484 (base 11) to base 7.
-1452
What is 720 (base 8) in base 10?
464
What is -213240 (base 5) in base 8?
-16230
14204 (base 5) to base 3
1121200
What is 38617 (base 9) in base 6?
320241
Convert -10532 (base 10) to base 16.
-2924
50541 (base 7) to base 4
2333313
Convert 481 (base 9) to base 10.
397
Convert 195a (base 16) to base 15.
1dca
Convert -203424 (base 5) to base 10.
-6739
2678a (base 12) to base 15
10a54
What is -13022 (base 4) in base 10?
-458
-349 (base 15) to base 11
-617
What is 20630 (base 9) in base 16?
3543
What is 35842 (base 11) in base 8?
144610
Convert 132 (base 6) to base 4.
320
What is 1000101101 (base 2) in base 15?
272
Convert -334a (base 12) to base 15.
-1a34
What is -352325 (base 6) in base 16?
-769d
66510 (base 7) to base 9
24833
Convert 140 (base 12) to base 7.
363
What is -3176 (base 14) in base 5?
-233112
Convert -101111111111 (base 2) to base 8.
-5777
-1673 (base 10) to base 9
-2258
Convert 2aa (base 12) to base 3.
120111
What is -52211 (base 10) in base 5?
-3132321
Convert 1556 (base 9) to base 8.
2241
What is -100001101001000 (base 2) in base 11?
-11a39
What is 5652 (base 8) in base 4?
232222
What is 577 (base 8) in base 13?
236
Convert 335 (base 6) to base 2.
10000011
What is -388 (base 11) in base 2?
-111001011
-1017 (base 10) to base 13
-603
1444 (base 9) to base 6
5021
-1001210011 (base 3) to base 6
-241051
Convert 322003 (base 5) to base 3.
112220220
107667 (base 8) to base 3
1212110122
Convert -121033 (base 4) to base 11.
-1239
-15411 (base 6) to base 8
-4737
Convert -17b (base 12) to base 15.
-10e
What is 4a16 (base 11) in base 13?
2c9c
What is 241112 (base 7) in base 9?
65745
What is 6304 (base 8) in base 4?
303010
Convert 5c59 (base 15) to base 16.
4ccb
What is -3202232 (base 5) in base 13?
-1b42c
1a1 (base 11) to base 10
232
Convert 122000211 (base 3) to base 14.
474b
Convert -383 (base 16) to base 10.
-899
3795 (base 14) to base 4
2120013
Convert f4bd (base 16) to base 7.
350443
What is -1144233 (base 5) in base 16?
-553a
8993 (base 10) to base 9
13302
What is -d863 (base 14) in base 9?
-56174
What is 252a2 (base 12) in base 7?
300203
Convert 100442 (base 6) to base 3.
101220022
What is 1310211 (base 5) in base 13?
b8c6
What is -22565 (base 7) in base 6?
-42432
f00 (base 16) to base 4
330000
-411 (base 7) to base 5
-1304
Convert 10001 (base 3) to base 6.
214
1306 (base 14) to base 8
6412
744 (base 8) to base 13
2b3
What is -a (base 12) in base 2?
-1010
Convert -3003 (base 7) to base 4.
-100020
-17a2 (base 13) to base 8
-6670
-1231 (base 12) to base 14
-a69
Convert 35758 (base 9) to base 4.
11312030
5c2 (base 15) to base 12
90b
Convert -31203 (base 4) to base 14.
-45d
What is 1458 (base 12) in base 14?
c16
-21021133 (base 4) to base 9
-56354
Wha